culate the highest common divisor of l and w.
16
Let d = 638 + -620. Suppose 12*k - 150 = -d. Let l(t) = -12*t - 3. Let y be l(-3). Calculate the highest common divisor of k and y.
11
Let q(s) = -338*s - 4964. Let a be q(-19). What is the greatest common factor of 405 and a?
81
Let y(i) = 81*i**2 + 1690*i - 23. Let m be y(-21). What is the greatest common divisor of 988 and m?
52
Let b(w) = 12*w - 363. Let r be 248/32*(-3 + 7). Let h be b(r). Let v be 1 + -2 + 73/1. What is the highest common factor of h and v?
9
Suppose 2642*f - 8280 = 2552*f. Calculate the highest common divisor of 713 and f.
23
Suppose -21 = -3*d + 9. Let m be (-238)/(-12) - 6/(-36). Let j be 224/d - (88/m + -4). Calculate the greatest common factor of j and 88.
22
Let n(l) = 171*l**2 - 5. Let h(i) = 85*i**2 - 3. Let m(d) = 7*h(d) - 3*n(d). Let g be m(-3). Calculate the highest common divisor of 12 and g.
12
Suppose -12*j + 2713 + 551 = 0. What is the greatest common divisor of 34 and j?
34
Let m(l) = 384*l + 831. Let v be m(-2). Calculate the greatest common divisor of 8001 and v.
63
Let a be (-30)/9*(-56490)/140. What is the highest common divisor of a and 1614?
269
Let h(r) = 8*r + 10. Let l be h(-1). Let w(p) = p + 14. Let s be w(l). Let x(c) = 32*c**2 - c + 2. Let t be x(2). What is the greatest common factor of s and t?
16
Let y = 14330 - 10452. Calculate the greatest common divisor of 14 and y.
14
Suppose 2*y + 16 = 3*o, 12*o - 3*y = 11*o + 10. Suppose 0 = o*k, 5*k = 3*g - 182 + 35. Calculate the greatest common factor of 98 and g.
49
Let q = 1184 + -1151. Suppose 352 = -0*k - 5*k - 4*g, -4*g = -8. Let u be k/2*-1 + -3. What is the highest common factor of q and u?
33
Let w = -16854 + 16862. Let t(j) = 6*j**2 + 4*j + 1. Let i be t(-6). Let z be i/2 + 1/(-2). What is the highest common divisor of w and z?
8
Let a(f) = f + 72. Let h be -47 - -40 - (1 + -21). Let i be a(h). Let t be ((-17)/3)/(3/(-9)). What is the highest common divisor of t and i?
17
Let r(y) = -1816*y - 181. Let d be r(-1). What is the highest common factor of d and 210?
15
Suppose -7415 = -5*p - s, -p + 31*s - 34*s = -1497. What is the greatest common divisor of p and 57?
57
Suppose 551*k - 518*k - 2376 = 0. What is the greatest common divisor of 702 and k?
18
Let b = 29585 + -29529. Suppose 3*h = q - 154, -5*q - h + 462 = -2*q. What is the greatest common factor of b and q?
14
Suppose 10*o + 4*o = 210. Suppose -a - 89 = -3*a + 5*k, k = a - 49. Suppose -2*x + a = -2*u, u - 10 = -x + 6*u. What is the greatest common divisor of o and x?
15
Suppose -3*y + 53*v = 48*v - 89, -2*v + 70 = 2*y. Calculate the greatest common divisor of y and 21747.
33
Let s be 3 - (8/12 - 344/3). Let h be (18/24 - 0)*36. Calculate the greatest common factor of h and s.
9
Let m = 15502 + -7510. What is the highest common factor of m and 27?
27
Let n be (-1)/2 + (-1)/(4/(-2)). Suppose n*m - 304 = 4*m. Let v = m - -78. Calculate the highest common divisor of 4 and v.
2
Suppose -43150 = 139*o - 220236. Calculate the highest common divisor of 78 and o.
26
Let b(t) = t**2 - 11*t + 6. Let j be b(10). Let x be j/30 - 732/(-90). Suppose v + 72 = 4*v. Calculate the greatest common divisor of x and v.
8
Let h(g) = -2*g**2 - 12*g + 13. Let a be h(-6). Let i = -67 + 37. Let j be (-4)/i - 973/(-15). What is the highest common divisor of a and j?
13
Suppose -5*q - 64 = -z, 11*q - 16*q - 320 = -5*z. What is the greatest common factor of 1456 and z?
16
Let k = -11221 - -11239. Calculate the highest common factor of 7929 and k.
9
Let d = 8926 - 4246. Calculate the highest common divisor of d and 15.
15
Suppose -32*z - 68 = -36*z. Suppose -12 = -i + z. What is the highest common factor of 261 and i?
29
Suppose 3*x - 20 = -j, -3*j + 5*j - 40 = -3*x. What is the greatest common divisor of j and 6020?
20
Let x be 10/(-55) - (-210)/(-55). Let s be ((-9)/2)/(x - 273/(-70)). Calculate the greatest common divisor of s and 10.
5
Let o be ((-154)/4)/((-9)/18). Suppose 2*g - 11 = o. Suppose 4*x + 11*b - 13*b = 1938, 4*b = -3*x + 1448. Calculate the greatest common factor of g and x.
44
Let i be (1*(-1)/(-2))/((-53)/(-212)). Let h = 0 + 4. Suppose 2*o = -3*d + 12, 10 = -h*d - 5*o + 33. Calculate the highest common divisor of d and i.
2
Let w(x) = x**2 + 22*x - 96. Let m be w(-28). What is the highest common divisor of m and 3096?
72
Let k be ((5/(-5))/1)/(-6 - -7). Suppose g + 416 = -464. Let l be 5 + k - g/10. Calculate the greatest common divisor of 23 and l.
23
Let n(s) = -2*s**2 - 7*s + 24. Let b(u) = -u**2 - 6*u + 25. Let r(d) = 2*b(d) - 3*n(d). Let c be r(-10). What is the highest common factor of 360 and c?
72
Suppose h - 4*u - 21 - 7 = 0, 2*h + 3*u - 56 = 0. Suppose 14*s - 8736 = -25*s. What is the highest common factor of h and s?
28
Let u be 3*((-4)/36)/(3/(-18)). Suppose 12 = -4*v, -25 = -2*q + u*v + 23. Suppose -135 = -24*l + q*l. Calculate the greatest common divisor of 30 and l.
15
Let w = -158 - -184. Suppose -27*f = -w*f - 18. What is the highest common divisor of f and 54?
18
Let j = 263 - 259. Suppose m + j*x + 8 = 72, 0 = -m + 4*x + 104. What is the greatest common factor of 231 and m?
21
Let h be (-3)/(-3 - (52/(-18) - 0)). Let c(q) = -q**2 + 30*q - 74. Let j be c(h). What is the greatest common factor of j and 7?
7
Let p be (6 + 5 + -26)*-16 - -5. Let y be (-1 - 1)*(-35)/2. Calculate the greatest common factor of p and y.
35
Let r be (2200/(-22))/(-4*3/198). Calculate the highest common divisor of r and 90.
30
Let m(r) = -r**2 - r + 1. Let k(t) = -t**2 - 4*t - 15. Let s(a) = k(a) - 5*m(a). Let q be s(-3). Calculate the greatest common factor of q and 52.
13
Let j = 4610 - 2580. What is the greatest common factor of 105 and j?
35
Let n = -79 + 79. Suppose n = 4*u - 5*u + 11. Let o be -3 + -1 + 6 + u + -11. Calculate the highest common divisor of 32 and o.
2
Let m = 5793 - 5342. What is the greatest common factor of 492 and m?
41
Suppose -57*l + 320 + 3632 = -266. What is the highest common divisor of l and 4403?
37
Let d = -86 - -80. Let o be ((-153)/(-6))/(-1*1/d). What is the highest common divisor of o and 17?
17
Suppose 7*q - 4*q = 9. Let v be (63/(-14))/(q/6). Let d be ((-17)/(-3))/((-3)/v). What is the greatest common factor of 85 and d?
17
Let c(s) = 2*s**3 - 11*s**2 + 3*s + 18. Let z be c(7). Let v be ((-4185)/6)/(-5)*(-10)/(-5). Calculate the highest common divisor of v and z.
93
Let h be (-42)/(-24) + -2 - (-109)/4. Let z(y) = 55*y - 25. Let a be z(-8). Let v = a - -654. Calculate the greatest common factor of v and h.
27
Let u = -1342 - -1358. Let t = -27 + 55. What is the highest common factor of u and t?
4
Let j be (5/(-2))/(12 + 15016/(-1248)). Suppose -1253 = -2*u + 3*l + 2*l, 4*u = l + 2497. Calculate the highest common factor of u and j.
78
Suppose 0 = -3*o + 2*c + 16, o - 5*o = -2*c - 18. Let m be (-3)/((-21)/o) - 3825/(-357). Calculate the greatest common factor of m and 209.
11
Let l = 4019 - 3202. Calculate the highest common divisor of l and 43.
43
Suppose -4*d = -2*k - 8, 0 = -d + k + k - 1. Suppose -2*j = d - 103. Suppose -4*w - j = -5*w. Calculate the greatest common divisor of 125 and w.
25
Let p be 7*(-4 + (-30)/(-7)). Suppose 5*l = 5*n - 1185, -4*n + 4*l = -p*n - 468. What is the highest common divisor of 16 and n?
16
Suppose 181*t = 157*t + 5328. Let o = t - 10. Calculate the highest common factor of o and 4.
4
Suppose 256*t - 254*t + 3*v - 173 = 0, -9 = -3*v. What is the greatest common factor of 2173 and t?
41
Let k be 0 + 4 - -119 - (-7 - -4). Suppose -k = -9*x + 9. Calculate the highest common factor of x and 915.
15
Let p be -4 + 41607/99 + (-12)/44. Calculate the greatest common divisor of p and 13.
13
Let s be (10/8 - -4 - 4)*4. Suppose s*c - i - 464 = 0, 3*i + 3 - 175 = -2*c. Calculate the highest common divisor of c and 69.
23
Let w be ((-12)/8 - -3)*(-20 - -4 - -62). What is the highest common factor of 24357 and w?
69
Let f(k) = 5*k - 2*k + k**2 - 2*k + 1 - 25*k**3. Let h be f(-1). Let m be (-1250)/(-8) + 4*(-13)/208. What is the highest common divisor of m and h?
26
Let r(d) be the first derivative of -7*d**4/4 - d**3/3 - d**2 - 16*d - 61. Let s be r(-3). Calculate the greatest common factor of s and 85.
85
Let y = -187 + 331. Suppose 548 = 3*d + 4*s, 1309 - 363 = 5*d + 2*s. What is the hig